{"id":67,"date":"2017-06-18T21:46:08","date_gmt":"2017-06-18T20:46:08","guid":{"rendered":"http:\/\/melodica.fr\/?page_id=67"},"modified":"2017-07-17T20:54:05","modified_gmt":"2017-07-17T19:54:05","slug":"chant","status":"publish","type":"page","link":"https:\/\/melodica.fr\/index.php\/chant\/","title":{"rendered":"Chant"},"content":{"rendered":"<div><center><\/center>Vous r\u00eavez depuis longtemps de vous mettre au chant &#8230;<br \/>\nVous aimeriez perfectionner votre pratique &#8230;<br \/>\nVous recherchez un enseignement appropri\u00e9 \u00e0 votre enfant ou pour vous-m\u00eame &#8230;<br \/>\nRien de plus simple, MELODICA vous propose une solution adapt\u00e9e \u00e0 vos attentes et votre niveau.<br \/>\nLe professeur adapte son enseignement au rythme d&rsquo;apprentissage de chaque \u00e9l\u00e8ve.<br \/>\nLe cours vous donne les notions techniques et th\u00e9oriques n\u00e9cessaires pour appr\u00e9cier l&rsquo;exercice du chant.<br \/>\nLes cours sont individuels, de 30 minutes.<\/div>\n<div>Ils se d\u00e9roulent de la fa\u00e7on suivante:<\/div>\n<div><b>La technique vocale:<\/b> regroupe un ensemble de connaissances anatomiques notamment, et de pratiques ayant pour but de d\u00e9velopper et pr\u00e9server la voix.<\/div>\n<div>\n<p><span id=\"chant\"><b>Ce travail s&rsquo;av\u00e8re tr\u00e8s b\u00e9n\u00e9fique tant pour un usager de la voix parl\u00e9e que chant\u00e9e.<\/b><\/span>La technique vocale se base notamment sur le travail du souffle &#8211; inspiration et expiration ma\u00eetris\u00e9es, et soutien du diaphragme.-Cette pratique vocale permet d&rsquo;appr\u00e9hender un nouveau sch\u00e9ma corporel, de trouver un placement de voix et d&rsquo;\u00e9toffer ainsi son timbre sur la base des vocalises et d&rsquo;assouplissements, ceci conduisant \u00e0 une meilleure endurance.<\/p>\n<p><b><i>La technique vocale s&rsquo;adresse \u00e0 divers publics, les chanteurs, mais aussi les personnes rencontrant des difficult\u00e9s dans la pratique de la prise de parole (fatigue vocale, audibilit\u00e9, d\u00e9fauts d&rsquo;articulation, puissance).<\/i><\/b><\/p>\n<p><b>Pratique du chant:<\/b> Le choix du r\u00e9pertoire se fait avec l&rsquo;aval du professeur mais respect\u00e9 au plus pr\u00e8s des go\u00fbts et aspirations de l&rsquo;\u00e9l\u00e8ve chanteur.<\/p>\n<p>L&rsquo;\u00e9quipe p\u00e9dagogique se tient \u00e0 votre disposition pour vous rencontrer, vous proposer un essai afin d&rsquo;appr\u00e9cier l&rsquo;enseignement fourni.<\/p>\n<p>Pour tout renseignement compl\u00e9mentaire, cliquez <a href=\"http:\/\/melodica.fr\/index.php\/contact\/\">ici<\/a>.<\/p>\n<\/div>\n","protected":false},"excerpt":{"rendered":"<p>Vous r\u00eavez depuis longtemps de vous mettre au chant &#8230; Vous aimeriez perfectionner votre pratique &#8230; Vous recherchez un enseignement appropri\u00e9 \u00e0 votre enfant ou pour vous-m\u00eame &#8230; Rien de plus simple, MELODICA vous propose une solution adapt\u00e9e \u00e0 vos attentes et votre niveau. Le professeur adapte son enseignement au rythme d&rsquo;apprentissage de chaque \u00e9l\u00e8ve. <a class=\"more-link\" href=\"https:\/\/melodica.fr\/index.php\/chant\/\">Lire la suite&#8230;<\/a><\/p>\n","protected":false},"author":1,"featured_media":0,"parent":0,"menu_order":0,"comment_status":"closed","ping_status":"closed","template":"","meta":{"footnotes":""},"class_list":["post-67","page","type-page","status-publish","hentry"],"_links":{"self":[{"href":"https:\/\/melodica.fr\/index.php\/wp-json\/wp\/v2\/pages\/67","targetHints":{"allow":["GET"]}}],"collection":[{"href":"https:\/\/melodica.fr\/index.php\/wp-json\/wp\/v2\/pages"}],"about":[{"href":"https:\/\/melodica.fr\/index.php\/wp-json\/wp\/v2\/types\/page"}],"author":[{"embeddable":true,"href":"https:\/\/melodica.fr\/index.php\/wp-json\/wp\/v2\/users\/1"}],"replies":[{"embeddable":true,"href":"https:\/\/melodica.fr\/index.php\/wp-json\/wp\/v2\/comments?post=67"}],"version-history":[{"count":9,"href":"https:\/\/melodica.fr\/index.php\/wp-json\/wp\/v2\/pages\/67\/revisions"}],"predecessor-version":[{"id":259,"href":"https:\/\/melodica.fr\/index.php\/wp-json\/wp\/v2\/pages\/67\/revisions\/259"}],"wp:attachment":[{"href":"https:\/\/melodica.fr\/index.php\/wp-json\/wp\/v2\/media?parent=67"}],"curies":[{"name":"wp","href":"https:\/\/api.w.org\/{rel}","templated":true}]}}

<div><center></center>Vous rêvez depuis longtemps de vous mettre au chant &#8230;<br />
Vous aimeriez perfectionner votre pratique &#8230;<br />
Vous recherchez un enseignement approprié à votre enfant ou pour vous-même &#8230;<br />
Rien de plus simple, MELODICA vous propose une solution adaptée à vos attentes et votre niveau.<br />
Le professeur adapte son enseignement au rythme d&rsquo;apprentissage de chaque élève.<br />
Le cours vous donne les notions techniques et théoriques nécessaires pour apprécier l&rsquo;exercice du chant.<br />
Les cours sont individuels, de 30 minutes.</div>
<div>Ils se déroulent de la façon suivante:</div>
<div><b>La technique vocale:</b> regroupe un ensemble de connaissances anatomiques notamment, et de pratiques ayant pour but de développer et préserver la voix.</div>
<div>
<p><span id="chant"><b>Ce travail s&rsquo;avère très bénéfique tant pour un usager de la voix parlée que chantée.</b></span>La technique vocale se base notamment sur le travail du souffle &#8211; inspiration et expiration maîtrisées, et soutien du diaphragme.-Cette pratique vocale permet d&rsquo;appréhender un nouveau schéma corporel, de trouver un placement de voix et d&rsquo;étoffer ainsi son timbre sur la base des vocalises et d&rsquo;assouplissements, ceci conduisant à une meilleure endurance.</p>
<p><b><i>La technique vocale s&rsquo;adresse à divers publics, les chanteurs, mais aussi les personnes rencontrant des difficultés dans la pratique de la prise de parole (fatigue vocale, audibilité, défauts d&rsquo;articulation, puissance).</i></b></p>
<p><b>Pratique du chant:</b> Le choix du répertoire se fait avec l&rsquo;aval du professeur mais respecté au plus près des goûts et aspirations de l&rsquo;élève chanteur.</p>
<p>L&rsquo;équipe pédagogique se tient à votre disposition pour vous rencontrer, vous proposer un essai afin d&rsquo;apprécier l&rsquo;enseignement fourni.</p>
<p>Pour tout renseignement complémentaire, cliquez <a href="http://melodica.fr/index.php/contact/">ici</a>.</p>
</div>

<p>Vous rêvez depuis longtemps de vous mettre au chant &#8230; Vous aimeriez perfectionner votre pratique &#8230; Vous recherchez un enseignement approprié à votre enfant ou pour vous-même &#8230; Rien de plus simple, MELODICA vous propose une solution adaptée à vos attentes et votre niveau. Le professeur adapte son enseignement au rythme d&rsquo;apprentissage de chaque élève. <a class="more-link" href="https://melodica.fr/index.php/chant/">Lire la suite&#8230;</a></p>
